{"id":180,"date":"2025-10-10T23:59:35","date_gmt":"2025-10-10T23:59:35","guid":{"rendered":"https:\/\/www.costamigo.erasland.vn\/360\/?page_id=180"},"modified":"2025-10-15T03:57:11","modified_gmt":"2025-10-15T03:57:11","slug":"tien-ich-lagoon-pool","status":"publish","type":"page","link":"https:\/\/www.costamigo.erasland.vn\/360\/tien-ich-lagoon-pool\/","title":{"rendered":"Ti\u1ec7n \u00edch Lagoon Pool"},"content":{"rendered":"\t\t<div data-elementor-type=\"wp-page\" data-elementor-id=\"180\" class=\"elementor elementor-180\">\n\t\t\t\t<div class=\"elementor-element elementor-element-3ce60db e-con-full e-flex e-con e-parent\" data-id=\"3ce60db\" data-element_type=\"container\">\n\t\t\t\t<div class=\"elementor-element elementor-element-a2d6cc9 elementor-widget elementor-widget-shortcode\" data-id=\"a2d6cc9\" data-element_type=\"widget\" data-widget_type=\"shortcode.default\">\n\t\t\t\t\t\t\t<div class=\"elementor-shortcode\"><!-- ipanorama begin --><div class=\"ipanorama ipnrm-1\" data-json-src=\"https:\/\/www.costamigo.erasland.vn\/360\/wp-json\/ipanorama\/v1\/item\/1\" data-item-id=\"1\" data-scene-id=\"0DC9E8E6E3\" style=\"display:none;background-color:#000000;\"><div class=\"ipnrm-store\" style=\"display:none;\">\n<div class=\"ipnrm-scene\" data-scene-id=\"E2E691EF4A\">\n<div class=\"ipnrm-markers-data\">\n<\/div>\n<div class=\"ipnrm-tooltips-data\">\n<div class=\"ipnrm-data\" data-marker-id=\"8489C34190\">\n<p><img decoding=\"async\" class=\"alignnone size-full wp-image-37\" src=\"https:\/\/www.costamigo.erasland.vn\/360\/wp-content\/uploads\/2025\/10\/MT-min-1.jpg\" alt=\"\" width=\"300\" height=\"150\" \/><\/p>\n<p>L\u1ed1i ra bi\u1ec3n<\/p>\n<\/div>\n<\/div>\n<div class=\"ipnrm-popovers-data\">\n<\/div>\n<\/div>\n<div class=\"ipnrm-scene\" data-scene-id=\"13529627AF\">\n<div class=\"ipnrm-markers-data\">\n<\/div>\n<div class=\"ipnrm-tooltips-data\">\n<div class=\"ipnrm-data\" data-marker-id=\"8489C34190\">\n<p><img decoding=\"async\" class=\"alignnone size-full wp-image-37\" src=\"https:\/\/www.costamigo.erasland.vn\/360\/wp-content\/uploads\/2025\/10\/MT-min-1.jpg\" alt=\"\" width=\"300\" height=\"150\" \/><\/p>\n<p>L\u1ed1i v\u00e0o c\u1ed5ng ch\u00ednh<\/p>\n<\/div>\n<\/div>\n<div class=\"ipnrm-popovers-data\">\n<\/div>\n<\/div>\n<div class=\"ipnrm-scene\" data-scene-id=\"5220F6D6FD\">\n<div class=\"ipnrm-markers-data\">\n<\/div>\n<div class=\"ipnrm-tooltips-data\">\n<div class=\"ipnrm-data\" data-marker-id=\"083C9B117D\">\n<p><img decoding=\"async\" class=\"alignnone size-full wp-image-37\" src=\"https:\/\/www.costamigo.erasland.vn\/360\/wp-content\/uploads\/2025\/10\/MT-min-1.jpg\" alt=\"\" width=\"300\" height=\"150\" \/><\/p>\n<p>L\u1ed1i v\u00e0o c\u1ed5ng ch\u00ednh<\/p>\n<\/div>\n<div class=\"ipnrm-data\" data-marker-id=\"1B6A70332B\">\n<p><img decoding=\"async\" class=\"alignnone size-full wp-image-37\" src=\"https:\/\/www.costamigo.erasland.vn\/360\/wp-content\/uploads\/2025\/10\/MT-min-1.jpg\" alt=\"\" width=\"300\" height=\"150\" \/><\/p>\n<p>View t\u1ed5ng quan<\/p>\n<\/div>\n<\/div>\n<div class=\"ipnrm-popovers-data\">\n<\/div>\n<\/div>\n<div class=\"ipnrm-scene\" data-scene-id=\"0BEC2E4C52\">\n<div class=\"ipnrm-markers-data\">\n<\/div>\n<div class=\"ipnrm-tooltips-data\">\n<div class=\"ipnrm-data\" data-marker-id=\"083C9B117D\">\n<p><img decoding=\"async\" class=\"alignnone size-full wp-image-37\" src=\"https:\/\/www.costamigo.erasland.vn\/360\/wp-content\/uploads\/2025\/10\/MT-min-1.jpg\" alt=\"\" width=\"300\" height=\"150\" \/><\/p>\n<p>View t\u1ed5ng quan<\/p>\n<\/div>\n<div class=\"ipnrm-data\" data-marker-id=\"E063325227\">\n<p class=\"no-image\">V\u00e0o Moonlight Pavilion<\/p>\n<\/div>\n<\/div>\n<div class=\"ipnrm-popovers-data\">\n<\/div>\n<\/div>\n<div class=\"ipnrm-scene\" data-scene-id=\"24ED61A586\">\n<div class=\"ipnrm-markers-data\">\n<\/div>\n<div class=\"ipnrm-tooltips-data\">\n<div class=\"ipnrm-data\" data-marker-id=\"083C9B117D\">\n<p class=\"no-image\">L\u1ed1i \u0111i b\u00ean h\u00f4ng<\/p>\n<\/div>\n<\/div>\n<div class=\"ipnrm-popovers-data\">\n<\/div>\n<\/div>\n<div class=\"ipnrm-scene\" data-scene-id=\"FA9534CF4D\">\n<div class=\"ipnrm-markers-data\">\n<\/div>\n<div class=\"ipnrm-tooltips-data\">\n<div class=\"ipnrm-data\" data-marker-id=\"083C9B117D\">\n<p class=\"no-image\">V\u00e0o Moonlight Pavilion<\/p>\n<\/div>\n<\/div>\n<div class=\"ipnrm-popovers-data\">\n<\/div>\n<\/div>\n<div class=\"ipnrm-scene\" data-scene-id=\"0DC9E8E6E3\">\n<div class=\"ipnrm-markers-data\">\n<\/div>\n<div class=\"ipnrm-tooltips-data\">\n<div class=\"ipnrm-data\" data-marker-id=\"083C9B117D\">\n<p><img decoding=\"async\" class=\"alignnone size-full wp-image-37\" src=\"https:\/\/www.costamigo.erasland.vn\/360\/wp-content\/uploads\/2025\/10\/MT-min-1.jpg\" alt=\"\" width=\"300\" height=\"150\" \/><\/p>\n<p>View t\u1ed5ng quan<\/p>\n<\/div>\n<\/div>\n<div class=\"ipnrm-popovers-data\">\n<\/div>\n<\/div>\n<div class=\"ipnrm-scene\" data-scene-id=\"9860CBADFC\">\n<div class=\"ipnrm-markers-data\">\n<\/div>\n<div class=\"ipnrm-tooltips-data\">\n<div class=\"ipnrm-data\" data-marker-id=\"083C9B117D\">\n<p><img decoding=\"async\" class=\"alignnone size-full wp-image-37\" src=\"https:\/\/www.costamigo.erasland.vn\/360\/wp-content\/uploads\/2025\/10\/MT-min-1.jpg\" alt=\"\" width=\"300\" height=\"150\" \/><\/p>\n<p>View t\u1ed5ng quan<\/p>\n<\/div>\n<\/div>\n<div class=\"ipnrm-popovers-data\">\n<\/div>\n<\/div>\n<div class=\"ipnrm-scene\" data-scene-id=\"0F02C110D8\">\n<div class=\"ipnrm-markers-data\">\n<\/div>\n<div class=\"ipnrm-tooltips-data\">\n<div class=\"ipnrm-data\" data-marker-id=\"083C9B117D\">\n<p><img decoding=\"async\" class=\"alignnone size-full wp-image-37\" src=\"https:\/\/www.costamigo.erasland.vn\/360\/wp-content\/uploads\/2025\/10\/MT-min-1.jpg\" alt=\"\" width=\"300\" height=\"150\" \/><\/p>\n<p>View t\u1ed5ng quan<\/p>\n<\/div>\n<\/div>\n<div class=\"ipnrm-popovers-data\">\n<\/div>\n<\/div>\n<div class=\"ipnrm-scene\" data-scene-id=\"651FD8C9F6\">\n<div class=\"ipnrm-markers-data\">\n<\/div>\n<div class=\"ipnrm-tooltips-data\">\n<div class=\"ipnrm-data\" data-marker-id=\"083C9B117D\">\n<p><img decoding=\"async\" class=\"alignnone size-full wp-image-37\" src=\"https:\/\/www.costamigo.erasland.vn\/360\/wp-content\/uploads\/2025\/10\/MT-min-1.jpg\" alt=\"\" width=\"300\" height=\"150\" \/><\/p>\n<p>View t\u1ed5ng quan<\/p>\n<\/div>\n<\/div>\n<div class=\"ipnrm-popovers-data\">\n<\/div>\n<\/div>\n<div class=\"ipnrm-scene\" data-scene-id=\"BA137D033A\">\n<div class=\"ipnrm-markers-data\">\n<\/div>\n<div class=\"ipnrm-tooltips-data\">\n<div class=\"ipnrm-data\" data-marker-id=\"083C9B117D\">\n<p><img decoding=\"async\" class=\"alignnone size-full wp-image-37\" src=\"https:\/\/www.costamigo.erasland.vn\/360\/wp-content\/uploads\/2025\/10\/MT-min-1.jpg\" alt=\"\" width=\"300\" height=\"150\" \/><\/p>\n<p>View t\u1ed5ng quan<\/p>\n<\/div>\n<\/div>\n<div class=\"ipnrm-popovers-data\">\n<\/div>\n<\/div>\n<div class=\"ipnrm-scene\" data-scene-id=\"78E92FC4C0\">\n<div class=\"ipnrm-markers-data\">\n<\/div>\n<div class=\"ipnrm-tooltips-data\">\n<div class=\"ipnrm-data\" data-marker-id=\"083C9B117D\">\n<p><img decoding=\"async\" class=\"alignnone size-full wp-image-37\" src=\"https:\/\/www.costamigo.erasland.vn\/360\/wp-content\/uploads\/2025\/10\/MT-min-1.jpg\" alt=\"\" width=\"300\" height=\"150\" \/><\/p>\n<p>View t\u1ed5ng quan<\/p>\n<\/div>\n<\/div>\n<div class=\"ipnrm-popovers-data\">\n<\/div>\n<\/div>\n<div class=\"ipnrm-scene\" data-scene-id=\"19A1F11596\">\n<div class=\"ipnrm-markers-data\">\n<\/div>\n<div class=\"ipnrm-tooltips-data\">\n<div class=\"ipnrm-data\" data-marker-id=\"083C9B117D\">\n<p><img decoding=\"async\" class=\"alignnone size-full wp-image-37\" src=\"https:\/\/www.costamigo.erasland.vn\/360\/wp-content\/uploads\/2025\/10\/MT-min-1.jpg\" alt=\"\" width=\"300\" height=\"150\" \/><\/p>\n<p>View t\u1ed5ng quan<\/p>\n<\/div>\n<div class=\"ipnrm-data\" data-marker-id=\"2C39705D28\">\n<p class=\"no-image\">H\u01b0\u1edbng v\u00e0o trong<\/p>\n<\/div>\n<\/div>\n<div class=\"ipnrm-popovers-data\">\n<\/div>\n<\/div>\n<div class=\"ipnrm-scene\" data-scene-id=\"7433797D20\">\n<div class=\"ipnrm-markers-data\">\n<\/div>\n<div class=\"ipnrm-tooltips-data\">\n<div class=\"ipnrm-data\" data-marker-id=\"083C9B117D\">\n<p class=\"no-image\">V\u00e0o nh\u00e0 h\u00e0ng<\/p>\n<\/div>\n<\/div>\n<div class=\"ipnrm-popovers-data\">\n<\/div>\n<\/div>\n<div class=\"ipnrm-scene\" data-scene-id=\"24CD1FFB81\">\n<div class=\"ipnrm-markers-data\">\n<\/div>\n<div class=\"ipnrm-tooltips-data\">\n<div class=\"ipnrm-data\" data-marker-id=\"083C9B117D\">\n<p class=\"no-image\">Ra l\u1ec5 t\u00e2n<\/p>\n<\/div>\n<div class=\"ipnrm-data\" data-marker-id=\"2BFB92E930\">\n<p class=\"no-image\">View ngo\u1ea1i khu<\/p>\n<\/div>\n<\/div>\n<div class=\"ipnrm-popovers-data\">\n<\/div>\n<\/div>\n<div class=\"ipnrm-scene\" data-scene-id=\"4644C7F28A\">\n<div class=\"ipnrm-markers-data\">\n<\/div>\n<div class=\"ipnrm-tooltips-data\">\n<div class=\"ipnrm-data\" data-marker-id=\"083C9B117D\">\n<p class=\"no-image\">Trong nh\u00e0 h\u00e0ng<\/p>\n<\/div>\n<\/div>\n<div class=\"ipnrm-popovers-data\">\n<\/div>\n<\/div>\n<div class=\"ipnrm-scene\" data-scene-id=\"4D78885B81\">\n<div class=\"ipnrm-markers-data\">\n<\/div>\n<div class=\"ipnrm-tooltips-data\">\n<div class=\"ipnrm-data\" data-marker-id=\"083C9B117D\">\n<p><img decoding=\"async\" class=\"alignnone size-full wp-image-37\" src=\"https:\/\/www.costamigo.erasland.vn\/360\/wp-content\/uploads\/2025\/10\/MT-min-1.jpg\" alt=\"\" width=\"300\" height=\"150\" \/><\/p>\n<p>View t\u1ed5ng quan<\/p>\n<\/div>\n<\/div>\n<div class=\"ipnrm-popovers-data\">\n<\/div>\n<\/div>\n<\/div><\/div><!-- ipanorama end --><\/div>\n\t\t\t\t\t\t<\/div>\n\t\t\t\t<\/div>\n\t\t\t\t<\/div>\n\t\t","protected":false},"excerpt":{"rendered":"","protected":false},"author":1,"featured_media":0,"parent":0,"menu_order":0,"comment_status":"closed","ping_status":"closed","template":"elementor_header_footer","meta":{"inline_featured_image":false,"footnotes":""},"class_list":["post-180","page","type-page","status-publish","hentry"],"_links":{"self":[{"href":"https:\/\/www.costamigo.erasland.vn\/360\/wp-json\/wp\/v2\/pages\/180","targetHints":{"allow":["GET"]}}],"collection":[{"href":"https:\/\/www.costamigo.erasland.vn\/360\/wp-json\/wp\/v2\/pages"}],"about":[{"href":"https:\/\/www.costamigo.erasland.vn\/360\/wp-json\/wp\/v2\/types\/page"}],"author":[{"embeddable":true,"href":"https:\/\/www.costamigo.erasland.vn\/360\/wp-json\/wp\/v2\/users\/1"}],"replies":[{"embeddable":true,"href":"https:\/\/www.costamigo.erasland.vn\/360\/wp-json\/wp\/v2\/comments?post=180"}],"version-history":[{"count":7,"href":"https:\/\/www.costamigo.erasland.vn\/360\/wp-json\/wp\/v2\/pages\/180\/revisions"}],"predecessor-version":[{"id":413,"href":"https:\/\/www.costamigo.erasland.vn\/360\/wp-json\/wp\/v2\/pages\/180\/revisions\/413"}],"wp:attachment":[{"href":"https:\/\/www.costamigo.erasland.vn\/360\/wp-json\/wp\/v2\/media?parent=180"}],"curies":[{"name":"wp","href":"https:\/\/api.w.org\/{rel}","templated":true}]}}